{"id":13,"date":"2017-11-08T21:01:41","date_gmt":"2017-11-08T20:01:41","guid":{"rendered":"https:\/\/xn--friesenmdchen-ifb.de\/?page_id=13"},"modified":"2017-11-19T20:17:35","modified_gmt":"2017-11-19T19:17:35","slug":"ueber-mich","status":"publish","type":"page","link":"https:\/\/xn--friesenmdchen-ifb.de\/index.php\/ueber-mich\/","title":{"rendered":"\u00dcber mich"},"content":{"rendered":"<p>Mein Name ist Ines. Ich bin bastelw\u00fctig und immer auf der Suche nach Inspiration. Ich bin gelernte Bekleidungstechnikerin, Schneidermeisterin und Modegestalterin. Das h\u00e4lt mich aber nicht davon ab, meine Kreativit\u00e4t auch in anderen Bereichen auszuleben.<\/p>\n<p>Ob N\u00e4hen, Fotografieren, Basteln, H\u00e4keln, Stricken, Makramee\u2026 Hier teile ich mit euch all meine Leidenschaften.<\/p>\n","protected":false},"excerpt":{"rendered":"<p>Mein Name ist Ines. Ich bin bastelw\u00fctig und immer auf der Suche nach Inspiration. Ich bin gelernte Bekleidungstechnikerin, Schneidermeisterin und Modegestalterin. Das h\u00e4lt mich aber nicht davon ab, meine Kreativit\u00e4t auch in anderen Bereichen auszuleben. Ob N\u00e4hen, Fotografieren, Basteln, H\u00e4keln, Stricken, Makramee\u2026 Hier teile ich mit euch all meine Leidenschaften.<\/p>\n","protected":false},"author":1,"featured_media":0,"parent":0,"menu_order":0,"comment_status":"closed","ping_status":"closed","template":"","meta":{"footnotes":""},"class_list":["entry","page","publish","author-ines","post-13"],"_links":{"self":[{"href":"https:\/\/xn--friesenmdchen-ifb.de\/index.php\/wp-json\/wp\/v2\/pages\/13","targetHints":{"allow":["GET"]}}],"collection":[{"href":"https:\/\/xn--friesenmdchen-ifb.de\/index.php\/wp-json\/wp\/v2\/pages"}],"about":[{"href":"https:\/\/xn--friesenmdchen-ifb.de\/index.php\/wp-json\/wp\/v2\/types\/page"}],"author":[{"embeddable":true,"href":"https:\/\/xn--friesenmdchen-ifb.de\/index.php\/wp-json\/wp\/v2\/users\/1"}],"replies":[{"embeddable":true,"href":"https:\/\/xn--friesenmdchen-ifb.de\/index.php\/wp-json\/wp\/v2\/comments?post=13"}],"version-history":[{"count":3,"href":"https:\/\/xn--friesenmdchen-ifb.de\/index.php\/wp-json\/wp\/v2\/pages\/13\/revisions"}],"predecessor-version":[{"id":52,"href":"https:\/\/xn--friesenmdchen-ifb.de\/index.php\/wp-json\/wp\/v2\/pages\/13\/revisions\/52"}],"wp:attachment":[{"href":"https:\/\/xn--friesenmdchen-ifb.de\/index.php\/wp-json\/wp\/v2\/media?parent=13"}],"curies":[{"name":"wp","href":"https:\/\/api.w.org\/{rel}","templated":true}]}}